{"id":1076,"date":"2023-08-07T14:36:30","date_gmt":"2023-08-07T12:36:30","guid":{"rendered":"https:\/\/oqui.fr\/?post_type=product&#038;p=1076"},"modified":"2026-02-18T16:55:36","modified_gmt":"2026-02-18T15:55:36","slug":"biscuits-sucres-bio-nature-au-beurre","status":"publish","type":"product","link":"https:\/\/oqui.fr\/index.php\/produit\/biscuits-sucres-bio-nature-au-beurre\/","title":{"rendered":"Biscuits sucr\u00e9s bio &#8211; Nature au beurre"},"content":{"rendered":"<p>&nbsp;<\/p>\n<p><strong>Composition<\/strong><\/p>\n<p>Farine <strong>BL\u00c9<\/strong> T65 *, sucre de canne*, <strong>BEURRE<\/strong>* (15%), jus de citron *, <strong>\u0152UF<\/strong> en poudre*, sel de Camargue, poudre \u00e0 lever : bicarbonate de sodium.<\/p>\n<p>(*) = produits issus de l\u2019agriculture biologique certifi\u00e9s par FR-BIO-15. Agriculture UE et NON UE.<\/p>\n<p>&nbsp;<\/p>\n<p><strong>Allerg\u00e8nes<\/strong><\/p>\n<p>Contient : gluten, lait, \u0153uf<\/p>\n<p>Traces \u00e9ventuelles : moutarde, s\u00e9same, fruits \u00e0 coque<\/p>\n<p>&nbsp;<\/p>\n<p><strong>Valeurs nutritionnelles<\/strong><\/p>\n<p>Energie : 1928 Kj \/ 459 Kcal<\/p>\n<p>Mati\u00e8res grasses : 16g<\/p>\n<p>dont acides gras satur\u00e9s : 9.4g<\/p>\n<p>Glucides\u00a0: 70g<\/p>\n<p>dont sucres : 28g<\/p>\n<p>Prot\u00e9ines : 7.9g<\/p>\n<p>Sel : 0,9g<\/p>\n","protected":false},"excerpt":{"rendered":"<p><span style=\"color: #ffbb1c; font-family: dk pardesi; font-size: 150%;\">Un grand classique qui r\u00e9v\u00e8le son bon go\u00fbt beurr\u00e9 qui ravira les inconditionnels <\/span><\/p>\n<p>&nbsp;<\/p>\n<ul>\n<li>Biscuit bio artisanal<\/li>\n<li>Fabrication fran\u00e7aise par notre biscuiterie familiale<\/li>\n<li>Produit naturel sans huile de palme, sans conservateur, sans colorant, sans ar\u00f4me, sans ingr\u00e9dient ultra-transform\u00e9.<\/li>\n<li>Mati\u00e8res premi\u00e8res fran\u00e7aises en majorit\u00e9 (69,1%).<\/li>\n<li>Fabrication responsable : notation Planet-Score A.<\/li>\n<li>Biscuit sucr\u00e9 bio (*) = produits issus de l\u2019agriculture biologique certifi\u00e9s par FR-BIO-15. Agriculture UE et NON UE.<\/li>\n<\/ul>\n","protected":false},"featured_media":1809,"comment_status":"closed","ping_status":"closed","template":"","meta":{"_et_pb_use_builder":"","_et_pb_old_content":"","_et_gb_content_width":""},"product_brand":[],"product_cat":[19],"product_tag":[25,45,39],"class_list":{"0":"post-1076","1":"product","2":"type-product","3":"status-publish","4":"has-post-thumbnail","6":"product_cat-biscuits-sucres-bio","7":"product_tag-biscuit-bio","8":"product_tag-biscuit-nature","9":"product_tag-biscuit-sucre","11":"first","12":"instock","13":"taxable","14":"shipping-taxable","15":"purchasable","16":"product-type-variable"},"yoast_head":"<!-- This site is optimized with the Yoast SEO plugin v27.4 - https:\/\/yoast.com\/product\/yoast-seo-wordpress\/ -->\n<title>Biscuits sucr\u00e9s bio - Nature au beurre - Oqui biscuits bio<\/title>\n<meta name=\"description\" content=\"Une fabrication bio et artisanale pour un grand classique qui r\u00e9v\u00e8le son bon go\u00fbt beurr\u00e9 qui saura ravir les inconditionnels. A consommer seul ou pas ...\" \/>\n<meta name=\"robots\" content=\"index, follow, max-snippet:-1, max-image-preview:large, max-video-preview:-1\" \/>\n<link rel=\"canonical\" href=\"https:\/\/oqui.fr\/index.php\/produit\/biscuits-sucres-bio-nature-au-beurre\/\" \/>\n<meta property=\"og:locale\" content=\"fr_FR\" \/>\n<meta property=\"og:type\" content=\"article\" \/>\n<meta property=\"og:title\" content=\"Biscuits sucr\u00e9s bio - Nature au beurre - Oqui biscuits bio\" \/>\n<meta property=\"og:description\" content=\"Une fabrication bio et artisanale pour un grand classique qui r\u00e9v\u00e8le son bon go\u00fbt beurr\u00e9 qui saura ravir les inconditionnels. A consommer seul ou pas ...\" \/>\n<meta property=\"og:url\" content=\"https:\/\/oqui.fr\/index.php\/produit\/biscuits-sucres-bio-nature-au-beurre\/\" \/>\n<meta property=\"og:site_name\" content=\"Oqui biscuits bio\" \/>\n<meta property=\"article:modified_time\" content=\"2026-02-18T15:55:36+00:00\" \/>\n<meta property=\"og:image\" content=\"https:\/\/oqui.fr\/wp-content\/uploads\/2025\/09\/Nature-scaled.jpg\" \/>\n\t<meta property=\"og:image:width\" content=\"1707\" \/>\n\t<meta property=\"og:image:height\" content=\"2560\" \/>\n\t<meta property=\"og:image:type\" content=\"image\/jpeg\" \/>\n<meta name=\"twitter:card\" content=\"summary_large_image\" \/>\n<meta name=\"twitter:label1\" content=\"Dur\u00e9e de lecture estim\u00e9e\" \/>\n\t<meta name=\"twitter:data1\" content=\"1 minute\" \/>\n<script type=\"application\/ld+json\" class=\"yoast-schema-graph\">{\"@context\":\"https:\\\/\\\/schema.org\",\"@graph\":[{\"@type\":\"WebPage\",\"@id\":\"https:\\\/\\\/oqui.fr\\\/index.php\\\/produit\\\/biscuits-sucres-bio-nature-au-beurre\\\/\",\"url\":\"https:\\\/\\\/oqui.fr\\\/index.php\\\/produit\\\/biscuits-sucres-bio-nature-au-beurre\\\/\",\"name\":\"Biscuits sucr\u00e9s bio - Nature au beurre - Oqui biscuits bio\",\"isPartOf\":{\"@id\":\"https:\\\/\\\/oqui.fr\\\/#website\"},\"primaryImageOfPage\":{\"@id\":\"https:\\\/\\\/oqui.fr\\\/index.php\\\/produit\\\/biscuits-sucres-bio-nature-au-beurre\\\/#primaryimage\"},\"image\":{\"@id\":\"https:\\\/\\\/oqui.fr\\\/index.php\\\/produit\\\/biscuits-sucres-bio-nature-au-beurre\\\/#primaryimage\"},\"thumbnailUrl\":\"https:\\\/\\\/oqui.fr\\\/wp-content\\\/uploads\\\/2025\\\/09\\\/Nature-scaled.jpg\",\"datePublished\":\"2023-08-07T12:36:30+00:00\",\"dateModified\":\"2026-02-18T15:55:36+00:00\",\"description\":\"Une fabrication bio et artisanale pour un grand classique qui r\u00e9v\u00e8le son bon go\u00fbt beurr\u00e9 qui saura ravir les inconditionnels. A consommer seul ou pas ...\",\"breadcrumb\":{\"@id\":\"https:\\\/\\\/oqui.fr\\\/index.php\\\/produit\\\/biscuits-sucres-bio-nature-au-beurre\\\/#breadcrumb\"},\"inLanguage\":\"fr-FR\",\"potentialAction\":[{\"@type\":\"ReadAction\",\"target\":[\"https:\\\/\\\/oqui.fr\\\/index.php\\\/produit\\\/biscuits-sucres-bio-nature-au-beurre\\\/\"]}]},{\"@type\":\"ImageObject\",\"inLanguage\":\"fr-FR\",\"@id\":\"https:\\\/\\\/oqui.fr\\\/index.php\\\/produit\\\/biscuits-sucres-bio-nature-au-beurre\\\/#primaryimage\",\"url\":\"https:\\\/\\\/oqui.fr\\\/wp-content\\\/uploads\\\/2025\\\/09\\\/Nature-scaled.jpg\",\"contentUrl\":\"https:\\\/\\\/oqui.fr\\\/wp-content\\\/uploads\\\/2025\\\/09\\\/Nature-scaled.jpg\",\"width\":1707,\"height\":2560},{\"@type\":\"BreadcrumbList\",\"@id\":\"https:\\\/\\\/oqui.fr\\\/index.php\\\/produit\\\/biscuits-sucres-bio-nature-au-beurre\\\/#breadcrumb\",\"itemListElement\":[{\"@type\":\"ListItem\",\"position\":1,\"name\":\"Accueil\",\"item\":\"https:\\\/\\\/oqui.fr\\\/\"},{\"@type\":\"ListItem\",\"position\":2,\"name\":\"Boutique\",\"item\":\"https:\\\/\\\/oqui.fr\\\/index.php\\\/boutique\\\/\"},{\"@type\":\"ListItem\",\"position\":3,\"name\":\"Biscuits sucr\u00e9s bio &#8211; Nature au beurre\"}]},{\"@type\":\"WebSite\",\"@id\":\"https:\\\/\\\/oqui.fr\\\/#website\",\"url\":\"https:\\\/\\\/oqui.fr\\\/\",\"name\":\"Oqui biscuits bio\",\"description\":\"Le biscuit bio artisanal fabriqu\u00e9 \u00e0 c\u00f4t\u00e9 de Lyon\",\"publisher\":{\"@id\":\"https:\\\/\\\/oqui.fr\\\/#organization\"},\"potentialAction\":[{\"@type\":\"SearchAction\",\"target\":{\"@type\":\"EntryPoint\",\"urlTemplate\":\"https:\\\/\\\/oqui.fr\\\/?s={search_term_string}\"},\"query-input\":{\"@type\":\"PropertyValueSpecification\",\"valueRequired\":true,\"valueName\":\"search_term_string\"}}],\"inLanguage\":\"fr-FR\"},{\"@type\":\"Organization\",\"@id\":\"https:\\\/\\\/oqui.fr\\\/#organization\",\"name\":\"Oqui biscuits bio\",\"url\":\"https:\\\/\\\/oqui.fr\\\/\",\"logo\":{\"@type\":\"ImageObject\",\"inLanguage\":\"fr-FR\",\"@id\":\"https:\\\/\\\/oqui.fr\\\/#\\\/schema\\\/logo\\\/image\\\/\",\"url\":\"https:\\\/\\\/oqui.fr\\\/wp-content\\\/uploads\\\/2023\\\/05\\\/logo-oqui.png\",\"contentUrl\":\"https:\\\/\\\/oqui.fr\\\/wp-content\\\/uploads\\\/2023\\\/05\\\/logo-oqui.png\",\"width\":1155,\"height\":482,\"caption\":\"Oqui biscuits bio\"},\"image\":{\"@id\":\"https:\\\/\\\/oqui.fr\\\/#\\\/schema\\\/logo\\\/image\\\/\"}}]}<\/script>\n<!-- \/ Yoast SEO plugin. -->","yoast_head_json":{"title":"Biscuits sucr\u00e9s bio - Nature au beurre - Oqui biscuits bio","description":"Une fabrication bio et artisanale pour un grand classique qui r\u00e9v\u00e8le son bon go\u00fbt beurr\u00e9 qui saura ravir les inconditionnels. A consommer seul ou pas ...","robots":{"index":"index","follow":"follow","max-snippet":"max-snippet:-1","max-image-preview":"max-image-preview:large","max-video-preview":"max-video-preview:-1"},"canonical":"https:\/\/oqui.fr\/index.php\/produit\/biscuits-sucres-bio-nature-au-beurre\/","og_locale":"fr_FR","og_type":"article","og_title":"Biscuits sucr\u00e9s bio - Nature au beurre - Oqui biscuits bio","og_description":"Une fabrication bio et artisanale pour un grand classique qui r\u00e9v\u00e8le son bon go\u00fbt beurr\u00e9 qui saura ravir les inconditionnels. A consommer seul ou pas ...","og_url":"https:\/\/oqui.fr\/index.php\/produit\/biscuits-sucres-bio-nature-au-beurre\/","og_site_name":"Oqui biscuits bio","article_modified_time":"2026-02-18T15:55:36+00:00","og_image":[{"width":1707,"height":2560,"url":"https:\/\/oqui.fr\/wp-content\/uploads\/2025\/09\/Nature-scaled.jpg","type":"image\/jpeg"}],"twitter_card":"summary_large_image","twitter_misc":{"Dur\u00e9e de lecture estim\u00e9e":"1 minute"},"schema":{"@context":"https:\/\/schema.org","@graph":[{"@type":"WebPage","@id":"https:\/\/oqui.fr\/index.php\/produit\/biscuits-sucres-bio-nature-au-beurre\/","url":"https:\/\/oqui.fr\/index.php\/produit\/biscuits-sucres-bio-nature-au-beurre\/","name":"Biscuits sucr\u00e9s bio - Nature au beurre - Oqui biscuits bio","isPartOf":{"@id":"https:\/\/oqui.fr\/#website"},"primaryImageOfPage":{"@id":"https:\/\/oqui.fr\/index.php\/produit\/biscuits-sucres-bio-nature-au-beurre\/#primaryimage"},"image":{"@id":"https:\/\/oqui.fr\/index.php\/produit\/biscuits-sucres-bio-nature-au-beurre\/#primaryimage"},"thumbnailUrl":"https:\/\/oqui.fr\/wp-content\/uploads\/2025\/09\/Nature-scaled.jpg","datePublished":"2023-08-07T12:36:30+00:00","dateModified":"2026-02-18T15:55:36+00:00","description":"Une fabrication bio et artisanale pour un grand classique qui r\u00e9v\u00e8le son bon go\u00fbt beurr\u00e9 qui saura ravir les inconditionnels. A consommer seul ou pas ...","breadcrumb":{"@id":"https:\/\/oqui.fr\/index.php\/produit\/biscuits-sucres-bio-nature-au-beurre\/#breadcrumb"},"inLanguage":"fr-FR","potentialAction":[{"@type":"ReadAction","target":["https:\/\/oqui.fr\/index.php\/produit\/biscuits-sucres-bio-nature-au-beurre\/"]}]},{"@type":"ImageObject","inLanguage":"fr-FR","@id":"https:\/\/oqui.fr\/index.php\/produit\/biscuits-sucres-bio-nature-au-beurre\/#primaryimage","url":"https:\/\/oqui.fr\/wp-content\/uploads\/2025\/09\/Nature-scaled.jpg","contentUrl":"https:\/\/oqui.fr\/wp-content\/uploads\/2025\/09\/Nature-scaled.jpg","width":1707,"height":2560},{"@type":"BreadcrumbList","@id":"https:\/\/oqui.fr\/index.php\/produit\/biscuits-sucres-bio-nature-au-beurre\/#breadcrumb","itemListElement":[{"@type":"ListItem","position":1,"name":"Accueil","item":"https:\/\/oqui.fr\/"},{"@type":"ListItem","position":2,"name":"Boutique","item":"https:\/\/oqui.fr\/index.php\/boutique\/"},{"@type":"ListItem","position":3,"name":"Biscuits sucr\u00e9s bio &#8211; Nature au beurre"}]},{"@type":"WebSite","@id":"https:\/\/oqui.fr\/#website","url":"https:\/\/oqui.fr\/","name":"Oqui biscuits bio","description":"Le biscuit bio artisanal fabriqu\u00e9 \u00e0 c\u00f4t\u00e9 de Lyon","publisher":{"@id":"https:\/\/oqui.fr\/#organization"},"potentialAction":[{"@type":"SearchAction","target":{"@type":"EntryPoint","urlTemplate":"https:\/\/oqui.fr\/?s={search_term_string}"},"query-input":{"@type":"PropertyValueSpecification","valueRequired":true,"valueName":"search_term_string"}}],"inLanguage":"fr-FR"},{"@type":"Organization","@id":"https:\/\/oqui.fr\/#organization","name":"Oqui biscuits bio","url":"https:\/\/oqui.fr\/","logo":{"@type":"ImageObject","inLanguage":"fr-FR","@id":"https:\/\/oqui.fr\/#\/schema\/logo\/image\/","url":"https:\/\/oqui.fr\/wp-content\/uploads\/2023\/05\/logo-oqui.png","contentUrl":"https:\/\/oqui.fr\/wp-content\/uploads\/2023\/05\/logo-oqui.png","width":1155,"height":482,"caption":"Oqui biscuits bio"},"image":{"@id":"https:\/\/oqui.fr\/#\/schema\/logo\/image\/"}}]}},"jetpack_sharing_enabled":true,"_links":{"self":[{"href":"https:\/\/oqui.fr\/index.php\/wp-json\/wp\/v2\/product\/1076","targetHints":{"allow":["GET"]}}],"collection":[{"href":"https:\/\/oqui.fr\/index.php\/wp-json\/wp\/v2\/product"}],"about":[{"href":"https:\/\/oqui.fr\/index.php\/wp-json\/wp\/v2\/types\/product"}],"replies":[{"embeddable":true,"href":"https:\/\/oqui.fr\/index.php\/wp-json\/wp\/v2\/comments?post=1076"}],"wp:featuredmedia":[{"embeddable":true,"href":"https:\/\/oqui.fr\/index.php\/wp-json\/wp\/v2\/media\/1809"}],"wp:attachment":[{"href":"https:\/\/oqui.fr\/index.php\/wp-json\/wp\/v2\/media?parent=1076"}],"wp:term":[{"taxonomy":"product_brand","embeddable":true,"href":"https:\/\/oqui.fr\/index.php\/wp-json\/wp\/v2\/product_brand?post=1076"},{"taxonomy":"product_cat","embeddable":true,"href":"https:\/\/oqui.fr\/index.php\/wp-json\/wp\/v2\/product_cat?post=1076"},{"taxonomy":"product_tag","embeddable":true,"href":"https:\/\/oqui.fr\/index.php\/wp-json\/wp\/v2\/product_tag?post=1076"}],"curies":[{"name":"wp","href":"https:\/\/api.w.org\/{rel}","templated":true}]}}